alculate the remainder when u is divided by 1.
0
Let d = 11 + 1. Suppose -2*m = -d + 4. Calculate the remainder when 13 is divided by m.
1
Let l = 1 - 3. Calculate the remainder when 44 is divided by 56/4 - (l + 1).
14
Suppose -a = -4*c + 11, -2*a = -3*c - 3*a + 3. Suppose 2 = -2*r, 10 - 41 = -5*d + r. Calculate the remainder when 632/56 - c/7 is divided by d.
5
What is the remainder when 62/8*2/(-2)*-4 is divided by 8?
7
Let d = -308 - -437. What is the remainder when d is divided by 12?
9
Let j(o) = 2*o + 9. Calculate the remainder when 48 is divided by j(4).
14
Let x(a) = -a**2 - a + 74. What is the remainder when x(0) is divided by (-19)/((-1)/(-2 + 3))?
17
Suppose 0 = -a + h - 0*h + 2, 3*a - 5*h = -4. Suppose -5*d = 2*t - 134, -t = -3*d + 82 - 6. Calculate the remainder when d is divided by a.
5
Suppose -7*c = -38*c + 961. Let b = 295 - 204. What is the remainder when b is divided by c?
29
Suppose 42 = 3*r + 2*o, -r - 3*o = -6*r + 70. What is the remainder when 69 is divided by r?
13
Let f be (2 - (-42 + 1)) + 2. Let k = f - 27. Let x(s) = -s**2 + 8*s - 5. Calculate the remainder when k is divided by x(5).
8
Let t(p) = 380*p - 7. Let l be t(3). Calculate the remainder when l/22 - (-1)/2 is divided by 11.
8
Let a = 72 - 64. What is the remainder when 31 is divided by a?
7
Suppose 10*u = 6*u + 24. Suppose 3*a = u*a - 168. What is the remainder when a is divided by 15?
11
Let t(x) = -5*x + 3. Let k be t(-4). Suppose 5*v - k = 27. What is the remainder when 28 is divided by v?
8
Suppose 0 = -7*x + 3*x + 288. Suppose 2*u - 3*p = p - x, -3 = -p. Calculate the remainder when -2 - (2 + -1)*u is divided by 15.
13
Let u be (2 + -1)*(-1 - 0). Let l be 4/(2/u) + 17. Suppose -2*p = -3*p + l. What is the remainder when 29 is divided by p?
14
Let s = -16 + 39. What is the remainder when s is divided by 6?
5
Let f = -14 - -38. Calculate the remainder when f is divided by 13.
11
Suppose 53 - 31 = 2*k. Calculate the remainder when 54 is divided by k.
10
What is the remainder when 20 is divided by 55/20*4 + 0?
9
Let z be (6/4)/(2/4). Suppose -5*y + 187 = -y + 5*r, -132 = -z*y - r. What is the remainder when y is divided by 11?
10
Suppose 4*o = 5*b + o - 249, 0 = 3*o - 6. Let h be (-2)/4 - (-183)/(-6). Let p = b + h. Calculate the remainder when p is divided by 7.
6
Let y(u) = -3*u**3 + 16*u**2 + 3*u - 12. Let a(h) = -h**3 + h**2 - h - 1. Let q(v) = -4*a(v) + y(v). What is the remainder when q(-11) is divided by 13?
10
Let y = -6 + 10. What is the remainder when (-682)/(-66) - 2/6 is divided by y?
2
Suppose -4*w + 7*w = 27. Let f = 1 + w. What is the remainder when f is divided by 4?
2
Let i = 0 - 0. Let f(l) = -l**2 + 4. What is the remainder when f(i) is divided by 2?
0
Let w be (4 + -1 - 2) + -279. What is the remainder when 4/14 + w/(-7) is divided by 14?
12
Let f(q) = -q**3 + 4*q**2 - q - 4. Let t be f(-4). Suppose 5*h - t = 67. Let z = 48 - 28. What is the remainder when h is divided by z?
19
Calculate the remainder when 101 is divided by 1837/55 - 6/(-10).
33
Let q = 21 - -2. Let u = 75 + -40. Let g = u - q. Calculate the remainder when 34 is divided by g.
10
Suppose -105 - 11 = -2*v. Suppose -5*i + 38 = 3*n, n + 3*i = -4*n + v. What is the remainder when 17 is divided by n?
6
Suppose -4*p + 7*p - 15 = 0. Suppose 3*l - 76 = -5*t - 0*t, p*l - 5*t - 100 = 0. What is the remainder when 43 is divided by l?
21
Let p = -9 - -29. Let u(j) = j**3 + 5*j**2 + 2*j - 5. Calculate the remainder when p is divided by u(-3).
6
Let z be 22/5 + 9/15. Let a = 6 - z. Calculate the remainder when (-3)/(-2) + 2/4 is divided by a.
0
Suppose -4*u - 39 = 3*c - 130, 3*u - 52 = c. What is the remainder when 33 is divided by u?
14
Let u = 26 - 48. Let t = u - -29. What is the remainder when t is divided by (-2)/(-7) - 52/(-14)?
3
Suppose 5*v = 2*h - 6*h + 165, 4*h - 4*v = 156. What is the remainder when h is divided by 11?
7
Let m = -19 + 23. Suppose 64 = m*z - 0*z. What is the remainder when 77 is divided by z?
13
Let b = 43 + -31. What is the remainder when ((-22)/(-8))/(2/16) is divided by b?
10
Let d(c) be the second derivative of c**5/20 + c**4/2 + 2*c**3/3 - c**2/2 + 5*c. Calculate the remainder when d(-5) is divided by 2.
0
Let c(z) = -z**3 + 3*z**2 + 3*z + 6. Suppose -2*u + 1 = -u. What is the remainder when u + (-2)/(1*-2) is divided by c(4)?
0
Let w(l) = l**3 + 4*l**2 + l + 5. Let b be w(-4). Let h be -2 + b + -1 + 5. Suppose -h - 5 = -2*y. What is the remainder when 10 is divided by y?
2
Let q(o) = -o**3 + 6*o**2 + 15*o + 14. Calculate the remainder when 9 is divided by q(8).
3
Let r(a) = -2 + 2*a**2 - 7*a**2 - 3 - a**3 - 5*a + 2*a**3. Calculate the remainder when r(6) is divided by 1.
0
Let a = -181 + 262. Calculate the remainder when a is divided by 28.
25
Let d(s) = -s**3 - 3*s**2 + 5. What is the remainder when d(-4) is divided by 3?
0
Suppose 9 - 36 = -3*o. Calculate the remainder when 43 is divided by o.
7
Suppose 5*l + 5 = 0, 13 = d + d - 5*l. Suppose 6 = o + o, -d*j + 32 = -4*o. Let u = 10 + j. Calculate the remainder when 61 is divided by u.
19
Let f = -395 - -400. Let g = -18 - -32. What is the remainder when g is divided by f?
4
Let s = -25 + 29. Suppose o = -s*o - 2*l + 484, 3*l = -4*o + 390. What is the remainder when o is divided by 33?
30
Suppose 26 = 2*h - 14. Let j = h - 13. Suppose -w + 2*l - 88 = -6*w, -5*l - 41 = -2*w. Calculate the remainder when w is divided by j.
4
Suppose -6*w + 22 = -4*w. Calculate the remainder when 40 is divided by w.
7
Let t(l) = -l + 17. Let v be t(-14). Suppose 81 + v = 4*a. Calculate the remainder when a is divided by 10.
8
Suppose -4*k - 4 + 12 = 0. Calculate the remainder when k is divided by 1.
0
Let i(y) = -y**2 + 7*y + 8. What is the remainder when 51 is divided by i(5)?
15
Suppose -3*c - 195 + 489 = 0. Calculate the remainder when c is divided by 33.
32
Suppose -7*h - 15 + 22 = 0. Let s(r) be the first derivative of r**2 - r + 1. What is the remainder when s(1) is divided by h?
0
Suppose -6*t = -4*t - 80. Calculate the remainder when t is divided by 14.
12
Suppose 0 = -5*x - 12 + 32. Suppose 4*i - b = 3*b + 40, 2*b - 10 = -4*i. Suppose -2*l + i*l - 27 = 0. Calculate the remainder when l is divided by x.
1
Let h(b) = b - 1. Let f be h(-10). Calculate the remainder when 26/(31/f - -3) is divided by 36.
35
Suppose -n - 5*k + 34 - 12 = 0, k = -5*n + 38. Let l(t) = -t**2 + 8*t + 6. Let u = -114 + 164. What is the remainder when u is divided by l(n)?
11
What is the remainder when (-4 - 24/(-6)) + 24 + 0 is divided by 7?
3
Suppose -s + a + 2 = 3, 0 = -3*s + a + 5. What is the remainder when 16 is divided by s?
1
Suppose 3*i = 4*g - 2*g - 1, -3*g + 3*i = -9. Calculate the remainder when 30 is divided by g.
6
Let c be (-5 - -3)/(1/(-2)). Let s be (c - 3)*(0 + 1). Suppose -2*k - s = -25. Calculate the remainder when 22 is divided by k.
10
Suppose 3*q = q + 36. Let l(t) = t**3 - 2*t**2 + t + 71. What is the remainder when l(0) is divided by q?
17
Let t(j) = 2*j + 2. What is the remainder when 14 is divided by t(2)?
2
Suppose 0*u + 5*k + 15 = 2*u, -k - 3 = 0. Suppose u*i - 56 = -2*i. What is the remainder when i is divided by 15?
13
Suppose 0 = 3*d + o + 20, 0 = -0*d - 3*d - 5*o - 16. Let c = d + 4. Let j(b) = b**2 - b + 1. Calculate the remainder when 37 is divided by j(c).
11
Let y be 10/15 - 22/6. Let i(v) = -2*v**3 - 5*v**2 - 5*v - 4. What is the remainder when 58 is divided by i(y)?
18
Let h(p) = -p**3 - 2*p**2 + 6*p + 6. Suppose 663 = 291*c - 274*c. What is the remainder when c is divided by h(-4)?
11
Let o(k) be the third derivative of -k**5/30 - k**4/8 - k**3/3 - k**2. Let y be o(-5). Let r = -16 - y. What is the remainder when 61 is divided by r?
19
Suppose -2*v = 2*v + k + 52, -5*v = 3*k + 72. Let g(t) = 22*t**2 + 1. Let h be g(-1). Let r = h + v. What is the remainder when r is divided by 6?
5
What is the remainder when (5 - 99)/(0 - 2/1) is divided by 24?
23
Let x = -34 + 19. What is the remainder when 28 is divided by 3*(-6)/27*x?
8
Let j(l) = 2*l**2 + 2*l - 2. Let b be j(-3). Let u = 22 - b. Let d = 9 + -2. What is the remainder when u is divided by d?
5
Let l = 0 + 11. Let d(p) = 57*p. Let j be d(-1). Let w = j - -88. What is the remainder when w is divided by l?
9
Suppose -5*i - 2*b = -35, -3*i + 6*i - b -